ed thousands digit of 222637349?
6
What is the units digit of 35184609?
9
What is the hundreds digit of 245293249?
2
What is the hundred millions digit of 163446160?
1
What is the thousands digit of 2229970?
9
What is the units digit of 4375594?
4
What is the hundred thousands digit of 345079704?
0
What is the millions digit of 1047344124?
7
What is the tens digit of 307547402?
0
What is the ten millions digit of 34515494?
3
What is the ten millions digit of 70556072?
7
What is the ten thousands digit of 82572019?
7
What is the units digit of 2572098122?
2
What is the thousands digit of 672663189?
3
What is the hundred millions digit of 524947024?
5
What is the tens digit of 1150215752?
5
What is the hundred millions digit of 2102421791?
1
What is the thousands digit of 32856023?
6
What is the ten millions digit of 124789611?
2
What is the millions digit of 698425494?
8
What is the hundred millions digit of 204411148?
2
What is the thousands digit of 2069717506?
7
What is the millions digit of 6480148347?
0
What is the thousands digit of 42106969?
6
What is the units digit of 506980371?
1
What is the millions digit of 142543659?
2
What is the tens digit of 6225425?
2
What is the hundred thousands digit of 164665133?
6
What is the thousands digit of 487139663?
9
What is the tens digit of 12881722?
2
What is the tens digit of 57898310?
1
What is the ten thousands digit of 803988216?
8
What is the hundreds digit of 1945696451?
4
What is the ten thousands digit of 16720358?
2
What is the ten thousands digit of 17044990?
4
What is the ten thousands digit of 17685227?
8
What is the hundred thousands digit of 105930060?
9
What is the ten thousands digit of 279039881?
3
What is the ten millions digit of 2010107150?
1
What is the hundreds digit of 107073018?
0
What is the millions digit of 231895632?
1
What is the hundreds digit of 5929608637?
6
What is the hundreds digit of 501580766?
7
What is the millions digit of 227411209?
7
What is the ten thousands digit of 2570113219?
1
What is the hundred millions digit of 1005511066?
0
What is the millions digit of 31202724?
1
What is the ten thousands digit of 7217824892?
2
What is the millions digit of 7101577?
7
What is the billions digit of 3374602351?
3
What is the billions digit of 1301122487?
1
What is the ten thousands digit of 73748555?
4
What is the millions digit of 661967057?
1
What is the thousands digit of 2080116053?
6
What is the hundred millions digit of 205815414?
2
What is the hundred thousands digit of 84200723?
2
What is the millions digit of 415533854?
5
What is the hundreds digit of 1634621592?
5
What is the units digit of 921479114?
4
What is the hundred thousands digit of 434969672?
9
What is the units digit of 6258983448?
8
What is the ten thousands digit of 50056482?
5
What is the hundreds digit of 8516794?
7
What is the ten thousands digit of 2869635654?
3
What is the ten millions digit of 3715132456?
1
What is the millions digit of 541229232?
1
What is the hundreds digit of 2142695901?
9
What is the hundreds digit of 82274532?
5
What is the millions digit of 19759863?
9
What is the units digit of 1512326664?
4
What is the hundreds digit of 4711187438?
4
What is the hundreds digit of 42498201?
2
What is the tens digit of 835115038?
3
What is the hundred thousands digit of 222444236?
4
What is the thousands digit of 11024259?
4
What is the hundreds digit of 243068821?
8
What is the units digit of 20760893?
3
What is the hundreds digit of 415724603?
6
What is the tens digit of 3318803?
0
What is the millions digit of 88207556?
8
What is the hundred thousands digit of 3499583?
4
What is the tens digit of 4620559871?
7
What is the hundreds digit of 167208981?
9
What is the thousands digit of 4503326364?
6
What is the hundred thousands digit of 13751821?
7
What is the millions digit of 49753606?
9
What is the tens digit of 4446942948?
4
What is the ten thousands digit of 95474004?
7
What is the tens digit of 71434305?
0
What is the thousands digit of 783718043?
8
What is the tens digit of 9657339?
3
What is the hundred thousands digit of 41262782?
2
What is the hundred thousands digit of 378740493?
7
What is the ten thousands digit of 4407168401?
6
What is the ten millions digit of 225996972?
2
What is the tens digit of 140291980?
8
What is the hundred millions digit of 1263348392?
2
What is the thousands digit of 1963965301?
5
What is the tens digit of 3828335?
3
What is the units digit of 23902628?
8
What is the thousands digit of 198982622?
2
What is the hundred thousands digit of 881751683?
7
What is the hundred millions digit of 874479300?
8
What is the ten thousands digit of 219062613?
6
What is the units digit of 918096075?
5
What is the thousands digit of 162865772?
5
What is the ten thousands digit of 3188890847?
9
What is the millions digit of 110639901?
0
What is the tens digit of 140522193?
9
What is the millions digit of 3699741156?
9
What is the ten thousands digit of 448673792?
7
What is the ten millions digit of 1522977736?
2
What is the millions digit of 12400326?
2
What is the hundred thousands digit of 52463166?
4
What is the thousands digit of 742886999?
6
What is the ten thousands digit of 73675994?
7
What is the thousands digit of 31122978?
2
What is the hundred thousands digit of 3266712049?
7
What is the hundreds digit of 78920057?
0
What is the units digit of 345259134?
4
What is the millions digit of 104679096?
4
What is the hundred millions digit of 352720131?
3
What is the billions digit of 1510895909?
1
What is the ten millions digit of 4085393113?
8
What is the millions digit of 186417656?
6
What is the hundred thousands digit of 3250118704?
1
What is the hundred thousands digit of 93080879?
0
What is the hundred millions digit of 377254842?
3
What is the millions digit of 64598560?
4
What is the hundreds digit of 1128205934?
9
What is the ten thousands digit of 5698610134?
1
What is the tens digit of 102023918?
1
What is the units digit of 3196937654?
4
What is the ten thousands digit of 55690373?
9
What is the hundred millions digit of 379301686?
3
What is the hundreds digit of 305749407?
4
What is the tens digit of 68476483?
8
What is the thousands digit of 4347355331?
5
What is the hundreds digit of 4816314789?
7
What is the hundreds digit of 1870750802?
8
What is the hundred thousands digit of 847831?
8
What is the hundreds digit of 37604174?
1
What is the millions digit of 677767422?
7
What is the millions digit of 4177167?
4
What is the billions digit of 3730400810?
3
What is the hundred millions digit of 1556844709?
5
What is the hundreds digit of 68066880?
8
What is the hundreds digit of 37621324?
3
What is the billions digit of 4980676269?
4
What is the units digit of 660307206?
6
What is the hundred thousands digit of 136736918?
7
What is the tens digit of 523880004?
0
What is the hundreds digit of 4047831355?
3
What is the hundred thousands digit of 44899961?
8
What is the thousands digit of 33466615?
6
What is the hundred millions digit of 7156262127?
1
What is the tens digit of 69308172?
7
What is the hundred thousands digit of 45767385?
7
What is the thousands digit of 51659288?
9
What is the units digit of 199671674?
4
What is the ten thousands digit of 1420540605?
4
What is the hundred millions digit of 433297282?
4
What is the thousands digit of 248103983?
3
What is the hundred thousands digit of 4573539895?
5
What is the ten millions digit of 212868949?
1
What is the ten thousands digit of 36291775?
9
What is the units digit of 437711542?
2
What is the ten millions digit of 1227506615?
2
What is the hundreds digit of 194156409?
4
What is the tens digit of 2032699802?
0
What is the units digit of 108379721?
1
What is the hundred millions digit of 123924386?
1
What is the millions digit of 101126645?
1
What is the thousands digit of 69455554?
5
What is the tens digit of 39937702?
0
What is the tens digit of 227111746?
4
What is the ten millions digit of 3904555245?
0
What is the billions digit of 3118033964?
3
What is the ten thousands digit of 296280458?
8
What is the thousands digit of 376193317?
3
What is the hundred thousands digit of 35847779?
8
What is the hundreds digit of 226184546?
5
What is the units digit of 140425?
5
What i